tiple of 10?
True
Is 7 a factor of 2417?
False
Does 16 divide 41930?
False
Is 21 a factor of 1134?
True
Does 35 divide 315?
True
Is 234 a factor of 26828?
False
Does 14 divide 434?
True
Is 10 a factor of 470?
True
Is 201 a factor of 10969?
False
Does 13 divide 72037?
False
Is 123 even?
False
Does 22 divide 1628?
True
Does 15 divide 4920?
True
Is 170 a factor of 57290?
True
Does 68 divide 9724?
True
Is 1224 a multiple of 12?
True
Is 216 a multiple of 4?
True
Is 335 a factor of 41205?
True
Is 44 a factor of 4180?
True
Does 30 divide 26077?
False
Is 28430 a multiple of 10?
True
Is 8 a factor of 352?
True
Is 56880 a multiple of 71?
False
Is 4753 a multiple of 49?
True
Is 9768 a multiple of 24?
True
Is 226 a factor of 37667?
False
Is 114 even?
True
Is 14656 a multiple of 13?
False
Is 857 a multiple of 9?
False
Is 7 a factor of 80?
False
Is 492 a multiple of 12?
True
Is 6270 a multiple of 33?
True
Is 31 a factor of 682?
True
Does 154 divide 18351?
False
Is 85 a factor of 170?
True
Is 25 a factor of 400?
True
Is 8 a factor of 416?
True
Is 36 a factor of 641?
False
Is 44 a factor of 2640?
True
Does 3 divide 330?
True
Is 702 a multiple of 2?
True
Is 214 a factor of 4494?
True
Does 3 divide 14526?
True
Does 19 divide 1529?
False
Does 52 divide 1560?
True
Is 13566 a multiple of 42?
True
Does 92 divide 1472?
True
Is 21 a factor of 248?
False
Does 17 divide 2164?
False
Is 14620 a multiple of 34?
True
Does 244 divide 14152?
True
Does 74 divide 3309?
False
Does 67 divide 29729?
False
Does 200 divide 51750?
False
Does 21 divide 1092?
True
Does 18 divide 594?
True
Does 26 divide 1930?
False
Is 53595 a multiple of 14?
False
Is 288 a multiple of 16?
True
Does 22 divide 308?
True
Is 135 a factor of 14445?
True
Is 1339 a multiple of 13?
True
Does 125 divide 12500?
True
Does 6 divide 396?
True
Is 98742 a multiple of 38?
False
Is 3809 a multiple of 13?
True
Is 72 a factor of 864?
True
Is 23815 a multiple of 55?
True
Is 11 a factor of 280?
False
Is 72 a factor of 20406?
False
Is 1462 a multiple of 34?
True
Is 6 a factor of 1092?
True
Does 20 divide 800?
True
Is 201 a multiple of 3?
True
Is 180 a factor of 109440?
True
Is 4507 a multiple of 48?
False
Is 5320 a multiple of 42?
False
Is 3618 a multiple of 27?
True
Does 102 divide 613?
False
Does 35 divide 2275?
True
Is 19 a factor of 17320?
False
Does 29 divide 1856?
True
Is 6 a factor of 135?
False
Is 20 a factor of 540?
True
Does 9 divide 853?
False
Does 14 divide 1064?
True
Does 80 divide 4720?
True
Is 3185 a multiple of 40?
False
Is 16 a factor of 2512?
True
Is 8 a factor of 1136?
True
Does 55 divide 1920?
False
Is 5304 a multiple of 15?
False
Is 24 a factor of 56248?
False
Does 2 divide 2966?
True
Is 7398 a multiple of 85?
False
Is 222 a factor of 65900?
False
Is 81 a factor of 32724?
True
Is 114 a multiple of 38?
True
Does 15 divide 2715?
True
Is 63 a factor of 5962?
False
Is 3731 a multiple of 9?
False
Is 42370 a multiple of 11?
False
Is 93 a factor of 4092?
True
Is 11 a factor of 6607?
False
Is 25 a factor of 18955?
False
Is 18324 a multiple of 76?
False
Is 3 a factor of 17?
False
Is 19 a factor of 401?
False
Does 5 divide 323?
False
Is 3240 a multiple of 45?
True
Is 25857 a multiple of 39?
True
Does 8 divide 252?
False
Is 15 a factor of 300?
True
Is 7 a factor of 7294?
True
Is 14 a factor of 2564?
False
Is 2556 a multiple of 12?
True
Is 12060 a multiple of 15?
True
Is 7 a factor of 3122?
True
Is 11 a factor of 196?
False
Does 16 divide 1120?
True
Is 103 a factor of 412?
True
Is 27 a factor of 1269?
True
Is 53 a factor of 53?
True
Does 36 divide 1011?
False
Is 934 a multiple of 29?
False
Is 41 a factor of 1517?
True
Is 46 a factor of 334?
False
Is 2120 a multiple of 40?
True
Does 52 divide 2975?
False
Is 127 a factor of 25743?
False
Does 62 divide 762?
False
Is 18 a factor of 2048?
False
Is 5 a factor of 11620?
True
Is 6992 a multiple of 46?
True
Is 6 a factor of 567?
False
Is 271 a factor of 74822?
False
Is 1060 a multiple of 10?
True
Is 39038 a multiple of 298?
True
Does 32 divide 960?
True
Is 5 a factor of 67?
False
Does 7 divide 2416?
False
Does 28 divide 672?
True
Is 22396 a multiple of 72?
False
Is 5049 a multiple of 17?
True
Does 75 divide 4275?
True
Is 24 a factor of 424?
False
Does 5 divide 23171?
False
Is 60667 a multiple of 476?
False
Does 13 divide 3718?
True
Is 6303 a multiple of 8?
False
Is 9 a factor of 493?
False
Does 96 divide 3615?
False
Is 1210 a multiple of 14?
False
Is 5 a factor of 12004?
False
Is 256 a multiple of 4?
True
Is 25 a factor of 708?
False
Is 1317 a multiple of 13?
False
Is 7 a factor of 203?
True
Does 22 divide 748?
True
Is 121 a multiple of 11?
True
Does 23 divide 2166?
False
Is 9280 a multiple of 64?
True
Does 14 divide 3990?
True
Is 51 a factor of 25806?
True
Is 1820 a multiple of 28?
True
Is 18848 a multiple of 345?
False
Is 8 a factor of 8176?
True
Is 2961 a multiple of 9?
True
Does 40 divide 111?
False
Does 12 divide 60?
True
Is 57 a multiple of 8?
False
Is 3451 a multiple of 17?
True
Is 12489 a multiple of 97?
False
Is 22 a factor of 440?
True
Is 83 a factor of 498?
True
Is 506 a multiple of 22?
True
Is 29 a factor of 19401?
True
Does 78 divide 11771?
False
Does 20 divide 7450?
False
Does 56 divide 1680?
True
Is 60 a factor of 1740?
True
Is 7 a factor of 4041?
False
Is 69 a factor of 81925?
False
Is 2280 a multiple of 10?
True
Is 153560 a multiple of 44?
True
Is 104 a factor of 2258?
False
Does 32 divide 480?
True
Is 10 a factor of 23930?
True
Is 66 a factor of 65938?
False
Is 123 a factor of 8740?
False
Is 41 a factor of 451?
True
Is 1280 a multiple of 10?
True
Does 26 divide 4398?
False
Is 35 a factor of 70?
True
Does 40 divide 17600?
True
Is 19857 a multiple of 272?
False
Is 468 a multiple of 18?
True
Does 114 divide 1254?
True
Does 41 divide 1215?
False
Is 48672 a multiple of 49?
False
Is 22 a factor of 1540?
True
Does 23 divide 122?
False
Does 5 divide 250?
True
Is 418 a multiple of 8?
False
Is 17 a factor of 1428?
True
Does 17 divide 4315?
False
Is 13 a factor of 4611?
False
Is 133 a factor of 7997?
False
Does 25 divide 14325?
True
Is 4165 a multiple of 112?
False
Does 36 divide 717?
False
Does 167 divide 3310?
False
Is 6943 a multiple of 55?
False
Is 36 a factor of 5040?
True
Is 3 a factor of 627?
True
Is 211 a multiple of 49?
False
Does 63 divide 1090?
False
Does 37 divide 703?
True
Does 9 divide 135?
True
Is 30 a factor of 1710?
True
Does 55 divide 4895?
True
Is 14549 a multiple of 83?
False
Is 495 a multiple of 11?
True
Does 4 divide 883?
False
Is 36 a factor of 6457?
False
Does 56 divide 24211?
False
Does 88 divide 24608?
False
Is 4 a factor of 1380?
True
Is 862 a multiple of 4?
False
Does 30 divide 2550?
True
Is 128 a multiple of 101?
False
Is 64 a factor of 2176?
True
Is 2551 a multiple of 8?
False
Does 19 divide 8146?
False
Does 3 divide 25?
False
Is 8052 a multiple of 66?
True
Does 36 divide 1078?
False
Does 65 divide 2405?
True
Does 31 divide 30907?
True
Does 18 divide 1351?
False
Is 126 a multiple of 42?
True
Does 13 divide 43738?
False
Is 57 a factor of 11343?
True
Is 12 a factor of 6048?
True
Is 93 a factor of 7998?
True
Is 16 a factor of 2576?
True
Is 11571 a multiple of 19?
True
Does 55 divide 11275?
True
Does 16 divide 22800?
True
Does 49 divide 2204?
False
Does 40 divide 2013?
False
Is 6606 a multiple of 212?
False
Is 3597 a multiple of 109?
True
Is 15 a factor of 435?
True
Is 3381 a multiple of 18?
False
Is 20870 a multiple of 35?
False
Does 2 divide 915?
False
Is 91 a multiple of 23?
False
Is 54412 a multiple of 61?
True
Is 61 a factor of 19867?
False
Does 66 divide 81708?
True
Is 3 a factor of 14322?
True
Is 93 a factor of 2604?
True
Is 560 a multiple of 56?
True
Does 64 divide 3712?
True
Is 10 a factor of 635?
False
Is 10 a factor of 300?
True
Does 60 divide 872?
False
Is 78585 a multiple of 65?
True
Does 13 divide 559?
True
Does 2 divide 725?
False
Does 78 divide 74724?
True
Is 288 a multiple of 48?
True
Is 1219 a multiple of 58?
False
Is 297 a multiple of 27?
True
Is 13 a factor of 14003?
False
Is 52 a factor of 5372?
False
Is 18426 a multiple of 6?
True
Does 87 divide 2523?
True
Is 4830 a multiple of 5?
True
Is 41 a factor of 911?
False
Is 161 a multiple of 7?
True
Does 11 divide 404?
False
Is 59757 a multiple of 10?
False
Does 4 divide